s digit of h?
6
Let g = -2043 + 2197. What is the tens digit of g?
5
Suppose -22158 = -w - 17*w. What is the tens digit of w?
3
Let p = 173 - 74. What is the hundreds digit of -4 - ((-15862)/p - 4/(-18))?
1
Let m(p) = -4*p + 14*p + p**2 + 1 - 3*p + 7. Suppose 7 = -0*l - l. What is the units digit of m(l)?
8
Let g be 2/4*(39 - 1). Suppose -2*l - 2*z - z + g = 0, -5*l + 80 = z. Suppose l = 5*x - 78. What is the units digit of x?
9
Suppose 0 = -7*a + 865 + 3146. What is the units digit of a?
3
Let b be (-196)/(-6) + (-2)/3. Let o be 4/(2 - b/18). Suppose 0 = -4*n + 5*n + 3*h - 9, -2*h = 2*n - o. What is the units digit of n?
9
Let d be (8/(-6))/((-6)/36*2). Suppose 0 = d*s + 217 - 709. What is the hundreds digit of s?
1
Let j = 782 - -1039. What is the tens digit of j?
2
Let m = -73 - -75. Suppose 3*g - 525 = -m*g. What is the units digit of g?
5
Let i = -11 - -14. Suppose a + i*l + 2*l = 94, 0 = a - 3*l - 110. What is the tens digit of a?
0
What is the tens digit of (0 + -6)*1526/(-42)?
1
Let h be 11 + (4 - (6 + 1)). Let y(d) = 21*d + 2. Let t be y(h). What is the units digit of ((-42)/(-35))/(4/t)?
1
What is the units digit of 2401/35 - (-12)/(-20)?
8
What is the units digit of (-4 - -6)*(-2676)/(-8)?
9
Let u(q) = 5*q**3 - 2*q + 4. Let s be u(2). Suppose 3*z + 2*k - 134 - s = 0, 0 = 4*z + 2*k - 234. What is the tens digit of z?
6
Let v = 3713 + -2527. What is the tens digit of v?
8
Suppose -r + 214 = 5*b - 1015, 0 = 5*r - 5*b - 6295. What is the hundreds digit of r?
2
Let g(q) = -22*q + 33. Let k(f) = -15*f + 22. Let o(l) = 5*g(l) - 7*k(l). Suppose -4*n = -5*z - 25, z + 5*n - 3 = -8. What is the tens digit of o(z)?
3
Suppose -16 = 5*r - l - 2*l, 3*r = -5*l - 30. Let y = 5 + r. Suppose y*g + 24 = 3*g. What is the units digit of g?
8
Let g = -5329 + 9123. What is the units digit of g?
4
What is the thousands digit of (-4 - 28)*515/(-10)?
1
Let b(c) = -3*c**2 + 6*c**2 - 7*c - 2*c**2 - 16 + 18*c. Let o be b(-12). Let a(l) = -7*l - 6. What is the tens digit of a(o)?
2
Let k = -2 - -18. Let h = k - 17. What is the units digit of h/((4/1)/(-4))?
1
Let m(s) = 8*s + 40 - 35 - 33. What is the units digit of m(6)?
0
Let p = 1028 + -483. What is the hundreds digit of p?
5
Let m be -18 + (0 - 0)/3. Let g = 65 + m. What is the tens digit of g?
4
Let n(o) = 3*o**2 + 6*o + 1. Suppose -3*c = -5*v + 18, 5*v + 2*c - 5 = 8. What is the tens digit of n(v)?
4
What is the units digit of ((-4 - -3) + 6)*(135 + 2)?
5
Let b be (-2 - -3)*(1 - -4). Suppose -5*g + g - 701 = -b*i, g - 1 = 0. What is the units digit of i?
1
Suppose 7*w + 0*w = 1659. What is the hundreds digit of w?
2
What is the tens digit of ((-1324)/(-20))/(((-8)/(-25))/8)?
5
What is the tens digit of ((-24)/(-128)*20)/(1/648)?
3
What is the hundreds digit of 1/((-163272)/(-20408) + -8)?
5
Let f(b) = 2*b**3 - 25*b**2 - b + 250. What is the tens digit of f(16)?
2
Let h be (8/(-14))/((-6)/21). Suppose 5*x - h*t - 3*t = -10, 0 = 5*x - t + 10. What is the units digit of 21 - (x/(-2) - 2)?
2
Let v(c) = -c**3 - c**2 + 8*c + 10. Let k(q) = -6*q + 61. Let s be k(11). What is the units digit of v(s)?
0
Suppose -3*q + 5 = k, -3*q = k - 5*q + 5. Suppose 0*o + 247 = -19*o. Let w = k - o. What is the tens digit of w?
1
Let z be 564/30 - (-2)/10. Let q = z - 4. What is the tens digit of q?
1
Let v(h) = -7*h**3 - 3*h**2 - 18*h - 144. What is the tens digit of v(-7)?
3
Let t = -18 + 20. Suppose 4*i + 3*w - 13 = 0, 0 = -t*w - w - 3. Suppose 0*o + 3*o = c + 176, i*o - 2*c - 236 = 0. What is the tens digit of o?
5
Suppose -3*t - 5*g - 5196 = -7*t, 5*t = 3*g + 6482. What is the units digit of t?
4
Suppose -16*k + 18*k - 498 = 0. Suppose 1044 = 5*v + k. What is the units digit of v?
9
Let m = -1334 + 2780. What is the units digit of m?
6
Let k(q) = -3*q**3 + 12*q**2 + 46*q + 3. What is the units digit of k(-7)?
8
What is the units digit of 306 + -25 - 18/(-2)?
0
Suppose -335 = -3*i + 856. What is the units digit of i?
7
Suppose -4*p = -3*l - 477 + 1383, 5*l - 1478 = -4*p. What is the units digit of l?
8
Suppose 2*v = 3*u + 458, 4*u + 1152 = 13*v - 8*v. What is the hundreds digit of v?
2
Suppose 17 = -3*y + 2*x, -3*x = 3*y - 4*y - 1. Let n(r) = r**3 + 8*r**2 - 6*r - 9. What is the units digit of n(y)?
2
Let o(y) = 19*y**2 + 23*y + 4. What is the hundreds digit of o(-8)?
0
Let r be ((-32)/(-20))/((-6)/15). Let w be 46 - 2 - (-4 - r). Let u = 107 - w. What is the units digit of u?
3
Let v(m) = 7*m**2 - 21*m + 51. Let u(d) = -8*d**2 + 21*d - 53. Let a(l) = -6*u(l) - 7*v(l). What is the tens digit of a(16)?
4
Suppose -r = -162 - 32. What is the units digit of r?
4
Let g(p) = 12*p**2 + 25*p - 255. What is the tens digit of g(10)?
9
Suppose -5*h - 2*t + 2792 = -4*t, 4*t + 1664 = 3*h. What is the hundreds digit of h?
5
Let c = -10 - -4. What is the units digit of c/9*63/(-6)?
7
Let u(h) = -h**2 - 28*h + 81. What is the units digit of u(-28)?
1
Let t(d) = -d**2 + 23*d - 28. Let n be t(18). Suppose -n*z - 285 = -65*z. What is the tens digit of z?
9
Suppose 2*j = -5*k - 2 + 22, 2*k - 14 = -2*j. Suppose -68 = j*v - 8. Let p = v - -23. What is the units digit of p?
1
Let m = -78 + 135. What is the tens digit of m?
5
Suppose 3778 = 11*h + 313. What is the units digit of h?
5
Suppose 9 = -3*h, 2435 = -12*o + 16*o - 5*h. What is the tens digit of o?
0
Suppose -h = -5*h + 240. Suppose f = 6*f - 5*s + h, 0 = s. What is the units digit of 11 + f + (26 - 0)?
5
Suppose -3*r - 309 = 4*j, -5*r - 390 = 5*j - 2*r. Let t = j + 119. Let l = t + -1. What is the tens digit of l?
3
Let r(o) = o**3 + 7*o**2 + 3*o + 8. Suppose 0 = -3*p + 2*p - 2, 0 = 2*x - p - 8. Suppose -6 = x*d + 12. What is the units digit of r(d)?
6
Let p(o) = o**2 + 4*o - 3. Let r be p(-6). Suppose 3*h - 5*h + r = -v, -2*h = -3*v - 7. Suppose -45 + 355 = h*a. What is the units digit of a?
2
Suppose -f + 6*f - 5*c - 355 = 0, 2*c + 278 = 4*f. Suppose -4*j + 44 = -24. Suppose -f = -3*t - j. What is the units digit of t?
7
Let c(v) = 10*v - 49. Let h(g) = g - 1. Let f(x) = -c(x) + 3*h(x). What is the units digit of f(-15)?
1
Let s(m) = m**3 - 11*m**2 - 14*m + 10. Let w be s(12). What is the units digit of (-1)/(w/12 - -1)?
6
Let q be (-6 - -1) + 106 + 19. Let k(l) = 7*l**3 - 2*l + 1. Let o be k(1). What is the tens digit of q/(-9)*(-9)/o?
2
Suppose 13*a - 6456 - 3515 = 0. What is the tens digit of a?
6
Suppose 0 = -2*a - 10, -5*f = -0*f - a - 80. Suppose 0 = 5*i - 5*g - f, -i + 1 = -2*g + 3*g. Suppose i*l - 64 = -0*l. What is the units digit of l?
2
Suppose -r + 17 = 12. Suppose t = 5*m - r, -3*t + t = 3*m - 55. Let w = t + 6. What is the units digit of w?
6
Let y = 191 - 58. Let p = y + 122. What is the hundreds digit of p?
2
Let p = -3 - -8. What is the tens digit of (8 + p)*(-1 - -2)?
1
Let x(v) = 4*v + 12*v**2 - 3*v**2 + 3 + 1. Let z be x(-4). Suppose -5*n + 3 = -z. What is the tens digit of n?
2
Let v = -282 + 1695. What is the units digit of v?
3
Let d(p) = 3*p**2 + 62*p - 22. What is the units digit of d(-33)?
9
Let x = 3 + -11. Let k(s) = s + 1. Let o(a) = 4. Let t(b) = -k(b) - o(b). What is the units digit of t(x)?
3
Let s = -2392 - -3810. What is the tens digit of s?
1
Suppose -5*u + 6*u = -4. What is the hundreds digit of 118 - u*(4 + -3)?
1
Let v = -128 + 119. Let d(j) = 2*j**3 + j**3 + 4*j + 10*j**2 - 2*j**3 - 9. What is the units digit of d(v)?
6
Let b be 4/14 + (-6)/21. Suppose -2*u + b*u = 136. Let g = -44 - u. What is the tens digit of g?
2
Let q be 2*(42/(-4) - 0). Let w(b) = 5*b + 8. Let u be w(-5). Let y = u - q. What is the units digit of y?
4
Suppose 3*c - 5*c - y + 9 = 0, -5*y = 2*c - 5. Suppose 2*d - 7*d = -3*p - 439, -4*d = c*p - 366. What is the tens digit of d?
8
Suppose -3*x - 2*c + 12 = -7*c, 20 = 5*x - c. Suppose -13 = -x*h + 11. Let q(i) = 2*i - 2. What is the units digit of q(h)?
0
Suppose 2*w - 2*a = 16, -34 = 3*w - 6*w + 5*a. Suppose 170 + 82 = 2*z - w*k, -4*z - 5*k + 526 = 0. What is the units digit of z?
9
Let x be 5*4/30*3. Suppose -3*f = 4*h + 23, 4*h = 2*f + x*f + 12. Let s = f - -15. What is the units digit of s?
0
Let z(v) = 3*v**3 - 2*v**2 - 6*v + 7. Let r be z(6). Suppose -4*l = -w - r, -2*l + 3*w = -4*l + 263. What is the hundreds digit of l?
1
Let d(h) = -h**3 - 4*h**2 - h - 6. Let b be d(-4). What is the units digit of (-354)/(-11) - b/(-11